?
True
Is 269751108 a multiple of 1331?
True
Is 35 a factor of 5962817466?
False
Is 353 a factor of 334586736?
False
Does 21 divide 460844928?
False
Is 1549 a factor of 128816071?
False
Is 951 a factor of 792728835?
False
Does 2066 divide 428232851?
False
Is 752622943 a multiple of 1063?
False
Is 547 a factor of 191003648?
True
Is 1208594316 a multiple of 3018?
True
Is 6 a factor of 210150786?
True
Is 371 a factor of 209742253?
True
Is 16 a factor of 27008311?
False
Is 102845400 a multiple of 53?
False
Is 227052864 a multiple of 16?
True
Is 26003880 a multiple of 126?
True
Is 219 a factor of 77020110?
True
Is 4779 a factor of 534168182?
False
Does 430 divide 139695994?
False
Is 437 a factor of 56087639?
True
Is 87 a factor of 95005461?
False
Does 2116 divide 1884835464?
True
Is 5716 a factor of 265765420?
True
Does 11 divide 30476591?
False
Is 66188032 a multiple of 366?
False
Does 38 divide 93000326?
True
Does 13 divide 482568541?
True
Does 192 divide 10057152?
True
Does 685 divide 27779143?
False
Is 193 a factor of 947429611?
False
Does 18 divide 412943130?
True
Does 10 divide 87368436?
False
Does 18 divide 264608370?
True
Does 1387 divide 16763282?
True
Is 31 a factor of 685036450?
True
Is 430574208 a multiple of 48?
True
Is 56105503 a multiple of 30?
False
Does 708 divide 4294531?
False
Is 2972 a factor of 62975708?
False
Does 50 divide 500789700?
True
Is 298 a factor of 537564882?
True
Is 164426851 a multiple of 105?
False
Does 659 divide 24381167?
False
Is 2491588174 a multiple of 20?
False
Does 14 divide 494805284?
False
Does 121 divide 32482087?
True
Is 296476794 a multiple of 18?
True
Is 2442 a factor of 55894938?
True
Does 431 divide 38974468?
True
Is 42859820 a multiple of 817?
True
Is 26 a factor of 10546614?
True
Is 21278048 a multiple of 11?
True
Is 48842545 a multiple of 1182?
False
Is 110 a factor of 2817144246?
False
Is 1044 a factor of 43237260?
True
Does 533 divide 45156144?
False
Is 49 a factor of 384937814?
False
Is 250069023 a multiple of 3?
True
Does 1929 divide 71805371?
False
Does 2457 divide 67218687?
False
Does 93 divide 195889360?
False
Is 1229525 a multiple of 8?
False
Is 232000562 a multiple of 591?
False
Is 111 a factor of 171017256?
True
Is 29570400 a multiple of 1800?
True
Is 309 a factor of 182550402?
True
Does 1951 divide 240929556?
False
Is 2253 a factor of 405943287?
True
Is 1409072205 a multiple of 19?
True
Is 440 a factor of 17567440?
True
Does 7478 divide 599189706?
True
Is 114 a factor of 575668764?
True
Does 574 divide 56809429?
False
Is 23511015 a multiple of 45?
True
Is 1518265450 a multiple of 13?
True
Is 35568726 a multiple of 10?
False
Is 192 a factor of 392698425?
False
Is 22569075 a multiple of 1665?
True
Is 4549399 a multiple of 644?
False
Does 374 divide 2272127510?
False
Does 104 divide 73422703?
False
Is 2364891 a multiple of 3?
True
Does 1167 divide 1080902376?
False
Is 1960 a factor of 112196280?
True
Is 17 a factor of 801563736?
True
Is 1128 a factor of 16261248?
True
Does 306 divide 41130447?
False
Is 452863676 a multiple of 216?
False
Is 201736058 a multiple of 383?
True
Does 689 divide 315378516?
False
Is 693153408 a multiple of 8?
True
Is 68 a factor of 7154280?
True
Does 1297 divide 773803170?
True
Is 2409 a factor of 1270224?
False
Is 4447931058 a multiple of 118?
True
Is 30 a factor of 50924360?
False
Is 2140289718 a multiple of 2741?
False
Is 141 a factor of 591557322?
True
Is 153357548 a multiple of 137?
False
Does 3218 divide 122206768?
True
Is 595860066 a multiple of 18?
True
Is 3715396563 a multiple of 2507?
True
Is 83 a factor of 390709122?
False
Is 175187670 a multiple of 205?
True
Is 218 a factor of 224698341?
False
Does 11 divide 24831703?
False
Is 145 a factor of 6411783?
False
Is 121250465 a multiple of 45?
False
Is 145389408 a multiple of 16?
True
Is 684082736 a multiple of 93?
False
Does 11 divide 9945408?
True
Is 56092167 a multiple of 676?
False
Does 7 divide 46888573?
False
Is 2596988 a multiple of 3077?
True
Is 5426 a factor of 2086736492?
False
Is 41 a factor of 135136615?
True
Is 124 a factor of 2433770625?
False
Is 27 a factor of 433561113?
True
Does 501 divide 73982670?
True
Is 1949187846 a multiple of 4230?
False
Is 120 a factor of 8471160?
True
Does 2 divide 21255109?
False
Is 21 a factor of 2316858789?
True
Is 538241600 a multiple of 2290?
True
Is 1663 a factor of 66387953?
False
Is 34 a factor of 5043832?
True
Is 312786245 a multiple of 4084?
False
Is 37554171 a multiple of 5?
False
Is 10 a factor of 396318623?
False
Does 69 divide 28720560?
True
Is 84586263 a multiple of 1477?
False
Does 236 divide 62609680?
False
Is 378 a factor of 1124917183?
False
Is 680205665 a multiple of 72?
False
Does 21 divide 35253053?
False
Is 426 a factor of 2853754290?
False
Is 83563176 a multiple of 8?
True
Does 43 divide 1639556933?
True
Does 3306 divide 68424240?
False
Does 8034 divide 1146331273?
False
Does 581 divide 45716901?
False
Is 269635243 a multiple of 344?
False
Does 12 divide 64296352?
False
Is 1827 a factor of 70153146?
True
Is 2548617 a multiple of 6?
False
Does 10 divide 123294730?
True
Does 257 divide 48735315?
False
Is 794942267 a multiple of 379?
True
Is 27615856 a multiple of 3?
False
Does 525 divide 541898528?
False
Is 15 a factor of 980967630?
True
Is 112 a factor of 220138964?
False
Does 105 divide 464672791?
False
Is 131101938 a multiple of 171?
True
Does 57 divide 67899633?
False
Is 192291840 a multiple of 78?
True
Is 9 a factor of 66732399?
True
Does 463 divide 278729704?
True
Does 12 divide 659341338?
False
Does 4158 divide 1418794315?
False
Does 515 divide 97339635?
True
Is 696805656 a multiple of 17?
True
Is 1109 a factor of 50402941?
True
Is 16 a factor of 4508262112?
True
Does 3313 divide 596755207?
False
Is 28 a factor of 494195361?
False
Is 12 a factor of 71683003?
False
Is 400 a factor of 589321600?
True
Does 25 divide 9873175?
True
Is 740 a factor of 6887920?
True
Does 121 divide 933418097?
False
Is 249 a factor of 4386610710?
False
Does 835 divide 58000115?
False
Is 6568 a factor of 5355150699?
False
Is 40032450 a multiple of 1275?
True
Is 222218675 a multiple of 21?
False
Is 29788700 a multiple of 234?
False
Does 486 divide 25911489?
False
Is 44 a factor of 1526857024?
True
Is 75075624 a multiple of 780?
False
Is 38 a factor of 467488068?
False
Is 27 a factor of 2630314478?
False
Does 5642 divide 463405670?
True
Does 13 divide 1067373?
False
Is 1961340476 a multiple of 63?
False
Is 1565985375 a multiple of 45?
True
Does 198 divide 139604886?
False
Is 12 a factor of 35087868?
True
Does 7 divide 590320?
False
Does 86 divide 55266180?
True
Is 60550758 a multiple of 141?
True
Is 16 a factor of 365340000?
True
Is 87 a factor of 46709778?
True
Does 334 divide 6833700?
False
Is 14600584 a multiple of 20?
False
Is 4913669 a multiple of 101?
False
Is 2884183437 a multiple of 87?
False
Does 209 divide 1737007778?
True
Is 164275005 a multiple of 2559?
True
Does 4201 divide 114972968?
True
Is 5481157 a multiple of 323?
False
Is 148207095 a multiple of 635?
True
Does 80 divide 48725543?
False
Does 93 divide 1112153706?
True
Is 46008998 a multiple of 211?
False
Is 22 a factor of 115808132?
True
Is 285091038 a multiple of 36?
False
Is 10045536 a multiple of 12?
True
Is 16188213 a multiple of 770?
False
Does 9494 divide 1248318590?
True
Is 23223901 a multiple of 5?
False
Is 2728535 a multiple of 5?
True
Is 198 a factor of 248013018?
True
Does 8 divide 162250408?
True
Is 116 a factor of 162404979?
False
Is 586280214 a multiple of 702?
True
Is 44917861 a multiple of 164?
False
Does 148 divide 579620836?
True
Is 20 a factor of 508822944?
False
Is 2498511848 a multiple of 56?
True
Is 145 a factor of 134173140?
True
Is 1043072380 a multiple of 778?
True
Is 31566150 a multiple of 1050?
True
Is 1793614036 a multiple of 34?
True
Does 120 divide 88479720?
True
Does 19 divide 8460460?
False
Does 24 divide 96015840?
True
Is 187769969 a multiple of 15?
False
Is 248 a factor of 100888367?
False
Does 70 divide 41889470?
True
Does 4597 divide 1306453609?
True
Is 273 a factor of 2014847835?
True
Is 211 a factor of 20943438?
True
Is 1219595720 a multiple of 7420?
True
Is 65 a factor of 13644338?
False
Is 363593396 a multiple of 78?
False
Is 89364324 a multiple of 42?
